se 5) to base 13.
38
-12 (base 5) to base 9
-7
-1 (base 14) to base 13
-1
35 (base 8) to base 12
25
4 (base 16) to base 2
100
Convert -40 (base 13) to base 3.
-1221
Convert 1032 (base 4) to base 14.
58
Convert 1100 (base 2) to base 5.
22
-e (base 16) to base 14
-10
What is 5 (base 16) in base 11?
5
Convert 3 (base 13) to base 5.
3
22 (base 3) to base 2
1000
What is -143 (base 8) in base 5?
-344
What is -164 (base 8) in base 14?
-84
Convert a (base 11) to base 10.
10
What is -4 (base 7) in base 11?
-4
1032 (base 5) to base 13
ac
Convert 3 (base 5) to base 3.
10
306 (base 7) to base 5
1103
Convert -32 (base 6) to base 9.
-22
What is -4 (base 15) in base 11?
-4
What is 71 (base 9) in base 12?
54
What is -13 (base 10) in base 6?
-21
18b (base 14) to base 13
1b7
-36 (base 8) to base 6
-50
What is -23 (base 4) in base 9?
-12
-11021 (base 3) to base 15
-7a
What is 10 (base 2) in base 3?
2
Convert -4 (base 10) to base 12.
-4
0 (base 14) to base 11
0
What is 16 (base 12) in base 16?
12
Convert -2 (base 7) to base 16.
-2
What is -3 (base 10) in base 7?
-3
-11 (base 8) to base 5
-14
-165 (base 11) to base 4
-3000
What is 23 (base 6) in base 8?
17
What is -134 (base 9) in base 7?
-220
What is -1112 (base 7) in base 5?
-3101
7 (base 16) to base 8
7
What is -1 (base 2) in base 13?
-1
What is 20 (base 4) in base 9?
8
Convert 0 (base 2) to base 6.
0
What is 10110 (base 2) in base 7?
31
What is 17 (base 13) in base 4?
110
Convert 9d (base 15) to base 7.
301
What is -130 (base 8) in base 11?
-80
What is 120 (base 3) in base 9?
16
What is -1 (base 3) in base 16?
-1
Convert 3 (base 6) to base 14.
3
12 (base 13) to base 15
10
What is -4 (base 10) in base 8?
-4
Convert -13 (base 6) to base 11.
-9
Convert 40 (base 14) to base 11.
51
4 (base 10) to base 14
4
What is -7 (base 10) in base 7?
-10
Convert 20 (base 3) to base 2.
110
-1011 (base 2) to base 13
-b
11101 (base 2) to base 11
27
Convert -124 (base 7) to base 13.
-52
-31 (base 4) to base 10
-13
What is 100111 (base 2) in base 16?
27
1001011 (base 2) to base 10
75
Convert 61 (base 8) to base 10.
49
23 (base 4) to base 13
b
43 (base 7) to base 4
133
Convert -121 (base 3) to base 2.
-10000
What is 24 (base 12) in base 14?
20
What is 12 (base 7) in base 2?
1001
-2 (base 5) to base 10
-2
-131 (base 4) to base 8
-35
What is -100 (base 2) in base 4?
-10
What is 371 (base 11) in base 6?
2013
-16 (base 8) to base 10
-14
Convert c5 (base 15) to base 11.
159
What is 43 (base 12) in base 8?
63
7 (base 15) to base 8
7
Convert 1 (base 3) to base 10.
1
Convert 2 (base 9) to base 4.
2
-5 (base 14) to base 4
-11
What is 123 (base 4) in base 15?
1c
Convert -1 (base 12) to base 3.
-1
-34 (base 8) to base 13
-22
Convert 1 (base 7) to base 6.
1
What is 7 (base 8) in base 11?
7
Convert 2 (base 9) to base 4.
2
10 (base 3) to base 9
3
Convert -2 (base 12) to base 9.
-2
19 (base 10) to base 4
103
What is -111000 (base 2) in base 16?
-38
What is 2 (base 6) in base 5?
2
What is -21 (base 8) in base 7?
-23
310 (base 6) to base 5
424
What is -1 (base 11) in base 3?
-1
What is 5 (base 12) in base 8?
5
Convert 1a9 (base 13) to base 8.
464
Convert -36 (base 9) to base 3.
-1020
Convert -4 (base 7) to base 16.
-4
Convert -3 (base 16) to base 3.
-10
Convert -4 (base 5) to base 14.
-4
-216 (base 7) to base 11
-a1
What is -103 (base 7) in base 15?
-37
52 (base 10) to base 9
57
What is -17 (base 9) in base 15?
-11
What is -53 (base 7) in base 14?
-2a
What is -30 (base 11) in base 12?
-29
What is 3 (base 13) in base 6?
3
-210 (base 4) to base 15
-26
What is -43 (base 16) in base 12?
-57
What is 544 (base 6) in base 3?
21201
Convert 0 (base 2) to base 13.
0
Convert 3 (base 8) to base 7.
3
-4 (base 15) to base 12
-4
-3 (base 9) to base 5
-3
What is 0 (base 4) in base 12?
0
3 (base 9) to base 2
11
What is -12 (base 4) in base 15?
-6
Convert 6 (base 16) to base 2.
110
Convert 2 (base 15) to base 7.
2
Convert 369 (base 10) to base 13.
225
What is 61 (base 7) in base 2?
101011
What is -31 (base 12) in base 6?
-101
-110 (base 13) to base 10
-182
Convert c3 (base 16) to base 13.
120
-617 (base 8) to base 6
-1503
Convert 0 (base 2) to base 9.
0
40 (base 6) to base 13
1b
-d (base 16) to base 6
-21
What is -7 (base 13) in base 10?
-7
Convert -102 (base 3) to base 7.
-14
What is 0 (base 14) in base 9?
0
-1 (base 16) to base 9
-1
33 (base 10) to base 15
23
-1 (base 13) to base 14
-1
-3 (base 9) to base 11
-3
What is 31 (base 8) in base 16?
19
-15 (base 8) to base 14
-d
What is -3 (base 9) in base 8?
-3
Convert 4 (base 11) to base 14.
4
What is -d (base 14) in base 15?
-d
What is 0 (base 6) in base 8?
0
What is -101101 (base 2) in base 12?
-39
2222 (base 3) to base 8
120
What is 1200 (base 4) in base 9?
116
-23 (base 13) to base 6
-45
Convert 0 (base 10) to base 13.
0
What is 1 (base 5) in base 14?
1
-2011 (base 5) to base 3
-100111
141 (base 11) to base 4
2212
Convert 4 (base 8) to base 10.
4
Convert -1 (base 6) to base 10.
-1
1112 (base 6) to base 11
217
Convert -2 (base 4) to base 13.
-2
What is 178 (base 15) in base 5?
2323
What is 6 (base 12) in base 16?
6
Convert 199 (base 13) to base 8.
447
What is 10 (base 4) in base 3?
11
Convert 0 (base 12) to base 9.
0
Convert -12121 (base 3) to base 15.
-a1
Convert -a (base 12) to base 13.
-a
-1 (base 12) to base 10
-1
Convert -2 (base 6) to base 8.
-2
1 (base 9) to base 16
1
-4 (base 15) to base 12
-4
What is 139 (base 12) in base 8?
275
6 (base 10) to base 2
110
-b (base 16) to base 8
-13
What is 120 (base 12) in base 10?
168
-13 (base 6) to base 10
-9
Convert -22 (base 10) to base 5.
-42
3 (base 6) to base 14
3
-2 (base 15) to base 2
-10
Convert -6 (base 8) to base 6.
-10
Convert -3 (base 12) to base 14.
-3
a9 (base 12) to base 9
153
What is 1 (base 14) in base 4?
1
Convert -100 (base 2) to base 10.
-4
7 (base 15) to base 13
7
Convert d (base 15) to base 10.
13
What is -11 (base 7) in base 13?
-8
1 (base 6) to base 14
1
-8 (base 14) to base 16
-8
What is -2 (base 9) in base 13?
-2
What is 37 (base 9) in base 5?
114
What is 8 (base 11) in base 14?
8
-304 (base 8) to base 14
-100
What is 38 (base 10) in base 13?
2c
1 (base 2) to base 3
1
Convert -3 (base 4) to base 9.
-3
Convert 3 (base 6) to base 16.
3
What is -6 (base 9) in base 10?
-6
What is -4c (base 14) in base 9?
-75
55 (base 14) to base 8
113
2 (base 6) to base 10
2
Convert a8 (base 15) to base 12.
112
Convert -1001101 (base 2) to base 5.
-302
What is -10 (base 5) in base 3?
-12
-5 (base 14) to base 8
-5
Convert 57 (base 14) to base 2.
1001101
Convert 0 (base 13) to base 7.
0
-32 (base 12) to base 9
-42
Convert -11 (base 5) to base 14.
-6
Convert -100 (base 5) to base 10.
-25
Convert 2 (base 6) to base 10.
2
What is -13 (base 7) in base 11?
-a
What is 25 (base 9) in base 4?
113
1 (base 12) to base 8
1
Convert -213 (base 10) to base 4.
-3111
What is 38 (base 13) in base 7?
65
What is 20 (base 6) in base 11?
11
What is -10011 (base 2) in base 11?
-18
Convert 22 (base 5) to base 3.
110
-7 (base 12) to base 15
-7
Convert 11 (base 8) to base 5.
14
Convert -2 (base 15) to base 6.
-2
What is -2 (base 7) in base 2?
-10
What is 0 (base 4) in base 13?
0
-213 (base 8) to base 7
-256
-11 (base 2) to base 16
-3
-4 (base 5) to base 16
-4
-22120 (base 3) to base 14
-127
What is c (base 16) in base 14?
c
2 (base 3) to base 14
2
What is -2 (base 11) in base 13?
-2
Convert 1002 (base 3) to base 8.
35
What is 65 (base 15) in base 2?
1011111
0 (base 16) to base 14
0
Convert 186 (base 9) to base 12.
113
-10 (base 5) to base 15
-5
What is 155 (base 7) in base 8?
131
-30 (base 14) to base 13
-33
35 (base 6) to base 2
10111
-77 (base 9) to base 2
-1000110
What is -115 (base 16) in base 15?
-137
41 (base 7) to base 11
27
Convert 11 (base 10) to base 14.
b
What is -32 (base 5) in base 4?
-101
What is 3 (base 8) in base 3?
10
Convert -10 (base 2) to base 11.
-2
11 (base 11) to base 5
22
-11 (base 2) to base 16
-3
What is -1 (base 14) in base 12?
-1
What is -16 (base 11) in base 9?
-18
-1 (base 7) to base 10
-1
35 (base 6) to base 3
212
1 (base 4) to base 11
1
What is 69 (base 13) in base 9?
106
17 (base 12) to base 16
13
Convert 1 (base 13) to base 8.
1
What is -7 (base 8) in base 2?
-111
What is 0 (base 8) in base 14?
0
Convert 215 (base 9) to base 16.
b0
What is -3 (base 11) in b